. List the prime factors of 36/(-48)*(1 + c).
3
Let s(r) = 5*r. Let q be s(-1). Let o = 8 + q. Let p(y) = 2*y**2 + 2*y. List the prime factors of p(o).
2, 3
Let n = 277 + -151. Suppose 4*r + 71 = 3*j, 3*j + r = -2*j + n. List the prime factors of j.
5
Let b = -4064 - -5807. What are the prime factors of b?
3, 7, 83
Suppose 3*t + 3*t = 162. Suppose d - 127 = -4*a, -d + 187 - t = 5*a. What are the prime factors of a?
3, 11
Suppose 0*v - 2*v + 5*g + 201 = 0, 210 = 2*v - 2*g. Suppose 7*x + v = 3*x. Let h = x - -66. What are the prime factors of h?
3, 13
Let z = -1344 + 3608. What are the prime factors of z?
2, 283
Suppose 5*m - 52 = -v, 3*m - 3*v - 20 = 2*m. Let w = m + 256. What are the prime factors of w?
3, 89
Let s(h) = -117*h - 12. Let w(p) = 39*p + 4. Let z(a) = -2*s(a) - 7*w(a). List the prime factors of z(-4).
2, 19
Let m = -2872 + 5377. List the prime factors of m.
3, 5, 167
Let d(i) be the second derivative of 7/2*i**2 + 0 + i**3 + 8*i + 1/12*i**4. What are the prime factors of d(-7)?
2, 7
Let a = 54 - -302. List the prime factors of a.
2, 89
What are the prime factors of 812 + (-5)/((-25)/30)?
2, 409
Let h(t) = 5*t - 90. Let c be h(18). Let v(k) = 3*k**2 + 5*k + 3. Let u be v(4). Suppose b - u + 12 = c. List the prime factors of b.
59
Suppose 3*x + 2*x - 10 = 0. Suppose 3*n + x*t - 274 = n, -5*n = -t - 661. List the prime factors of n.
7, 19
Suppose 218*u + 108 = 221*u. Suppose 32*j + 224 = u*j. What are the prime factors of j?
2, 7
Let j(q) = 29*q - 47. Let s be j(11). Suppose -797 = -3*y - s. List the prime factors of y.
5, 7
Suppose -3*d + 5*j = -1852, 5*d - 611 = -j + 2485. Suppose d = 5*m + 9. List the prime factors of m.
2, 61
Let x = 11 - 0. Let f = -11 + x. Suppose -3*c + 5*l = -0*c - 44, 2*c + 3*l - 23 = f. List the prime factors of c.
13
List the prime factors of (-1*(-3)/(-2))/((-18)/2292).
191
Let y be (-16044)/(-60) + 2/(-5). Let h = y - 117. What are the prime factors of h?
2, 3, 5
Let h(v) = 2*v**2 - 4*v + 4. Let g be h(3). List the prime factors of g/(-35) + (-534)/(-7).
2, 19
Let f(x) = -2 + 4 + 0 + x**3 + 5*x**2 + 2*x - 1. Let j be f(-3). Suppose -3*y = -j - 2. List the prime factors of y.
5
Let c(z) = z**2 + 9*z + 38. List the prime factors of c(17).
2, 3, 5
Let s(n) = n**2 + 4*n + 5. Let p be s(-3). Let t = 4 - p. What are the prime factors of t?
2
Let f(l) = 103*l**3 + l**2 - 9*l + 8. List the prime factors of f(1).
103
Suppose 4*j = 5*b + 10029, 0 = j - 6*j - b + 12500. List the prime factors of j.
41, 61
Suppose -992 = 7*f - 4009. List the prime factors of f.
431
Suppose 0*u + 4*m - 176 = 4*u, -2*m = -4*u - 184. What are the prime factors of 4720/55 - (2 + u/22)?
2, 43
Suppose -47*j + 43*j + c = -12293, 4*j + 4*c = 12308. What are the prime factors of j?
2, 29, 53
Suppose y - 4*y + 6 = 0. Suppose -118 = -y*q - 12. List the prime factors of q.
53
Suppose -2208 = 63*a - 67*a. Suppose 0*m + 3*m = a. What are the prime factors of m?
2, 23
Let h(r) = -11*r**2 + 4. Let k(b) = 12*b**2 + b - 4. Let t(u) = -4*h(u) - 3*k(u). List the prime factors of t(3).
59
Suppose 5*a - 2*a = t - 30, -3*t - a = -40. List the prime factors of (9/6 - 3)*(-1030)/t.
103
Let c(y) be the third derivative of y**6/120 + y**4/24 - 49*y**3/2 - 2*y**2. Let i be c(0). What are the prime factors of i/(-9) + 4/(-12)?
2
Let u be ((-780)/40)/(1/(-2)). Suppose -2*y + y = 22. Let j = u + y. List the prime factors of j.
17
Suppose 736 = -4*r - u + 6450, -5718 = -4*r + u. Suppose 5*h + 4*l + r = 0, 0*h = 4*h + l + 1141. List the prime factors of 4/(-6) - h/9.
31
Let b = 740 + -98. What are the prime factors of b?
2, 3, 107
Suppose 3*u = 4*u + 3*q + 13, -2*q = 4*u + 62. Let v = u - -25. List the prime factors of ((-174)/v)/(4/(-6)).
29
Let p = 527 - 18. List the prime factors of p.
509
Let d = -1603 + 1982. List the prime factors of d.
379
Suppose 2*f + 3298 = 5*y + 9268, -14956 = -5*f - 3*y. List the prime factors of f.
2, 5, 13, 23
Suppose t + 5*x - 476 = 2*t, 0 = -4*t + 4*x - 1936. Let u = -328 - t. Suppose -5*p - 18 = -u. What are the prime factors of p?
2, 7
Let u = 33 + -31. Suppose 204 = u*n - n. What are the prime factors of n?
2, 3, 17
Let p = -87 + 92. Suppose p*m - 1041 = 4*g - 3*g, 0 = -2*m + 4*g + 402. List the prime factors of m.
11, 19
What are the prime factors of 117/((-143)/11) - -3176?
3167
Suppose h = -2*i + 5*h + 12, 0 = i - 5*h - 12. Suppose 3*g = i*g - 2. List the prime factors of 2/g - (-8)/1.
7
Let m(y) = 9*y**2 + 12*y + 15. List the prime factors of m(-13).
2, 3, 5, 23
Let y be 344/44 + (-4)/(-22). Suppose -2*a + 294 = 4*d, -2*d + y = -0*d. What are the prime factors of a?
139
Let m be (2 - 123/12)*-8. Suppose 3*x = -24 + m. What are the prime factors of x?
2, 7
Suppose 0 = -3*d + 5*i - 113 + 559, -810 = -5*d - 5*i. Let l be (-110 - -1)*(5 + -4) - -1. Let o = l + d. What are the prime factors of o?
7
Let y(n) = -4 + 10*n**2 + 3*n - n**3 - 9 - 3*n. Let r be y(10). What are the prime factors of r/(-2) + 5/(-10)?
2, 3
Suppose 9*m = m - 2152. List the prime factors of 3/6*(-3 - m).
7, 19
Suppose 94*f + 86060 = 120*f. List the prime factors of f.
2, 5, 331
Let j be ((-172)/(-16))/((-1)/(-4)). Suppose -h - r = -35, -4*r - 113 = -4*h + j. List the prime factors of h.
37
Suppose -a = 2*a + 4*i - 1267, 3*a = 5*i + 1285. Let j = -302 + a. List the prime factors of j.
3, 41
Let x be ((-30)/21)/(3/(-105)). Suppose -4*u + x = h, -u - 131 - 1 = -4*h. List the prime factors of h.
2, 17
Suppose 3670 = 16*r - 3290. What are the prime factors of r?
3, 5, 29
Suppose -x - 5*l = -208, -3*x - 4*l - 194 + 851 = 0. What are the prime factors of x?
223
Suppose -161 + 21 = -10*a. Let u = 19 - a. What are the prime factors of u?
5
Suppose 3*l = k - 3469, -3*l + 43 - 40 = 0. List the prime factors of k.
2, 7, 31
Let l = 662 - 227. Suppose 0 = 4*n - 9*n + l. Let v = n + -30. What are the prime factors of v?
3, 19
Suppose 4*k = 4*o + 4, -o = 3*o - 4. Suppose 150 + 108 = k*g. Suppose 2*m - g = -11. What are the prime factors of m?
59
Let b(g) = g**2 - 8*g - 16. Let x be -3 + (-1 - -4) + 11. Let l be b(x). Let j = l - 5. List the prime factors of j.
2, 3
Suppose -17*j = 14*j - 10137. List the prime factors of j.
3, 109
Let k(m) = -m**2 + 3*m + 6. Let p(o) = o**2 - 4*o - 7. Let z(n) = -4*k(n) - 3*p(n). Let u = -67 - -72. List the prime factors of z(u).
2, 11
Let n(p) = 16*p**2 + 4*p + 3. Let o be n(-1). Let j = o + 47. Suppose 0 = -2*x + 4*g + 54, -3*x + 11 = -2*g - j. List the prime factors of x.
23
Let w(k) = -k**3 - 29*k**2 + 20*k - 32. What are the prime factors of w(-31)?
2, 5, 127
Suppose -6*j - 72 + 240 = 0. Let z = -32 + j. Let u(b) = 2*b**2 + 3*b - 9. List the prime factors of u(z).
11
Suppose 0*i + i - 12 = 0. Suppose -3 = 3*o - i. List the prime factors of o.
3
List the prime factors of (3/2)/((-9)/(-2934)).
3, 163
Let y be 43/2 + (-4)/(-8). Let z be -2 - (-4 - -6)*-3. Let m = z + y. List the prime factors of m.
2, 13
Suppose 0 = -0*p - 2*p + 3*g - 11, 3*p = -3*g - 9. Let u be 4*p/(3 + -1). Let r = 18 + u. List the prime factors of r.
2, 5
Let f = -532 - -1048. What are the prime factors of f?
2, 3, 43
Let u(i) = 420*i**2 + 4*i - 1. What are the prime factors of u(1)?
3, 47
Let r = 633 - 222. List the prime factors of r.
3, 137
Suppose -5*g = -2*o + 20, -2*o - g - 4 = o. Suppose -n - d + 31 = o, n = -4*n - 3*d + 147. Let s = n + -14. What are the prime factors of s?
13
Suppose 16*i - 4066 = 27982. List the prime factors of i.
2003
List the prime factors of (1 + 1)/(-2*(-1)/20).
2, 5
Let g(b) be the second derivative of 7*b**4/6 + 5*b**3/6 - 7*b**2/2 + 3*b. What are the prime factors of g(3)?
2, 67
Let q = -100 + 64. Let t = 74 + q. What are the prime factors of 1 + (t - 12/3)?
5, 7
Suppose 5*n - 4*o = 8, 0 = -2*n + 3*o - 1. Suppose 7 = n*r - 1. What are the prime factors of 67 + (3 + r - 2)?
2, 5, 7
What are the prime factors of 13/((-26)/(-4736)) - 7?
3, 787
Suppose -5*v - 2*u - 8 = 0, -3*v + 5*u + 20 = -0*v. List the prime factors of 1 - (1 + -2) - (v - 130).
2, 3, 11
Suppose 41*u - 3536 = 33*u. List the prime factors of u.
2, 13, 17
Suppose 2 + 6 = 4*r + 5*i, -2*i + 13 = 3*r. Suppose 22 - r = 3*z. Suppose -c = -z*u - 39 - 2, -u - 229 = -5*c. What are the prime factors of c?
2, 23
What are the prime factors of (1910 - 7 - 0)*(1 - 0)?
11, 173
Suppo